{"id":2135,"date":"2024-01-23T00:54:18","date_gmt":"2024-01-22T22:54:18","guid":{"rendered":"https:\/\/flow2grow.ch\/?page_id=2135"},"modified":"2024-02-23T22:43:09","modified_gmt":"2024-02-23T20:43:09","slug":"agb","status":"publish","type":"page","link":"https:\/\/flow2grow.ch\/?page_id=2135","title":{"rendered":"AGB"},"content":{"rendered":"<p>[vc_section parallax=&#187;content-moving&#187; css=&#187;.vc_custom_1703625649693{margin-bottom: 0px !important;border-bottom-width: 0px !important;padding-top: 10px !important;padding-bottom: 0px !important;background-color: rgba(62, 65, 108, 0.86) !important;background-position: center !important;background-repeat: no-repeat !important;background-size: contain !important;*background-color: rgba(62,65, 108, 0.86) !important;}&#187;][vc_row bklyn_section_anchor_id=&#187;uebermich&#187;][vc_column el_id=&#187;ueber_mich&#187;]<div class=\"wpb_content_element \"><style type=\"text\/css\">#ut_header_6a047744311df h2.section-title, #ut_header_6a047744311df h2.section-title span { color:#ffa4ad; }#ut_header_6a047744311df h2.section-title { font-size:40px !important;letter-spacing:-0.03em; }<\/style><header id=\"ut_header_6a047744311df\" class=\"section-header  ut-no-title-linebreak-mobile ut-no-lead-linebreak-mobile pt-style-1 header-center header-tablet-center header-mobile-center\"><h2 data-title=\"Allgemeine Gesch\u00e4ftsbedingungen\"  data-responsive-font=\"section_title\" data-responsive-font-settings=\"{&quot;base-font-size&quot;:&quot;global&quot;,&quot;font-size&quot;:{&quot;desktop_large&quot;:&quot;40&quot;},&quot;base-line-height&quot;:&quot;global&quot;,&quot;base-letter-spacing&quot;:&quot;global&quot;,&quot;letter-spacing&quot;:{&quot;desktop_large&quot;:&quot;-0.03&quot;}}\" class=\"bklyn-divider-styles bklyn-divider-style-1 section-title \"><span>Allgemeine Gesch\u00e4ftsbedingungen<\/span><\/h2><\/header><\/div>[vc_row_inner][vc_column_inner css=&#187;.vc_custom_1708720986530{background-color: rgba(255, 255, 255, 0.66) !important;*background-color: rgba(255,255, 255, 0.66) !important;border-radius: 5px !important;}&#187;][vc_column_text]Allgemeine Gesch\u00e4ftsbedingungen (AGB) f\u00fcr Yoga, Pilates, Schwangerschaft, Geburtsvorbereitung und R\u00fcckbildung:<\/p>\n<ol>\n<li><strong>Vertragsgegenstand<\/strong><br \/>\n1.1. Diese Allgemeinen Gesch\u00e4ftsbedingungen regeln das Vertragsverh\u00e4ltnis zwischen flow2grow (nachfolgend &#171;Anbieterin&#187;) und den Teilnehmenden f\u00fcr die Teilnahme an Yoga-, Pilates-, Schwangerschafts-, Geburtsvorbereitungs- und R\u00fcckbildungskursen.<\/li>\n<li><strong>Anmeldung und Vertragsabschluss<\/strong><br \/>\n2.1. Die Anmeldung zu den Kursen erfolgt schriftlich oder elektronisch \u00fcber das Anmeldeformular.<br \/>\n2.2. Die Anmeldung ist verbindlich, und der Vertrag kommt zustande, sobald die Anbieterin die Anmeldung best\u00e4tigt.<\/li>\n<li><strong>Teilnahmegeb\u00fchr<\/strong><br \/>\n3.1. Die Teilnahmegeb\u00fchr ist vor Kursbeginn in voller H\u00f6he zu entrichten.<br \/>\n3.2. Bei R\u00fccktritt des Teilnehmenden wird die Teilnahmegeb\u00fchr gem\u00e4\u00df der Stornierungsregelungen (siehe Punkt 5) erstattet.<\/li>\n<li><strong>Kursdurchf\u00fchrung und -\u00e4nderungen<\/strong><br \/>\n4.1. Die Anbieterin beh\u00e4lt sich das Recht vor, Kurse bei zu geringer Anzahl Teilnehmenden abzusagen.<br \/>\n4.2. \u00c4nderungen im Kursplan oder bei den Kursleitern werden rechtzeitig mitgeteilt.<\/li>\n<li><strong>Stornierung und R\u00fccktritt durch Teilnehmende<\/strong><br \/>\n5.1. Eine Stornierung der Teilnahme ist bis zwei Wochen vor Kursbeginn kostenfrei m\u00f6glich.<br \/>\n5.2. Bei sp\u00e4terer Stornierung oder Nichterscheinen des Teilnehmenden besteht kein Anspruch auf R\u00fcckerstattung der Teilnahmegeb\u00fchr.<\/li>\n<li><strong>Haftung<\/strong><br \/>\n6.1. Die Teilnahme an den Kursen erfolgt auf eigene Gefahr.<br \/>\n6.2. Die Anbieterin haftet nicht f\u00fcr gesundheitliche Sch\u00e4den, die durch unsachgem\u00e4\u00dfe Ausf\u00fchrung der \u00dcbungen entstehen.<\/li>\n<li><strong>Datenschutz<\/strong><br \/>\n7.1. Die pers\u00f6nlichen Daten der Teilnehmenden werden vertraulich behandelt und nur f\u00fcr die Abwicklung des Vertragsverh\u00e4ltnisses verwendet.<\/li>\n<li><strong>Sonstiges<\/strong><br \/>\n8.1. Sollte eine Bestimmung dieser AGB unwirksam sein, bleibt die Wirksamkeit der \u00fcbrigen Bestimmungen unber\u00fchrt.<\/li>\n<li><strong>Gerichtsstand und anwendbares Recht<\/strong><br \/>\n9.1. Es gilt das Recht der Schweiz.<br \/>\n9.2. Gerichtsstand f\u00fcr alle Streitigkeiten aus oder im Zusammenhang mit diesem Vertrag ist der Sitz des Anbieterins.<\/li>\n<\/ol>\n<p>Diese AGB treten am 23.01.2024 in Kraft und gelten bis auf Widerruf.[\/vc_column_text][\/vc_column_inner][\/vc_row_inner][\/vc_column][\/vc_row][vc_row][vc_column][\/vc_column][\/vc_row][vc_row][vc_column][\/vc_column][\/vc_row][\/vc_section]<\/p>\n","protected":false},"excerpt":{"rendered":"<p>[vc_section parallax=&#187;content-moving&#187; css=&#187;.vc_custom_1703625649693{margin-bottom: 0px !important;border-bottom-width: 0px !important;padding-top: 10px !important;padding-bottom: 0px !important;background-color: rgba(62, 65, 108, 0.86) !important;background-position: center !important;background-repeat: no-repeat !important;background-size: contain !important;*background-color: rgba(62,65, 108, 0.86) !important;}&#187;][vc_row bklyn_section_anchor_id=&#187;uebermich&#187;][vc_column el_id=&#187;ueber_mich&#187;][vc_row_inner][vc_column_inner css=&#187;.vc_custom_1708720986530{background-color: rgba(255, 255, 255, 0.66) !important;*background-color: rgba(255,255, 255, 0.66) !important;border-radius: 5px !important;}&#187;][vc_column_text]Allgemeine Gesch\u00e4ftsbedingungen (AGB) f\u00fcr Yoga, Pilates, Schwangerschaft, Geburtsvorbereitung und R\u00fcckbildung: Vertragsgegenstand 1.1. Diese Allgemeinen Gesch\u00e4ftsbedingungen regeln [&hellip;]<\/p>\n","protected":false},"author":1,"featured_media":0,"parent":0,"menu_order":0,"comment_status":"closed","ping_status":"closed","template":"","meta":{"footnotes":""},"class_list":["post-2135","page","type-page","status-publish","hentry"],"_links":{"self":[{"href":"https:\/\/flow2grow.ch\/index.php?rest_route=\/wp\/v2\/pages\/2135","targetHints":{"allow":["GET"]}}],"collection":[{"href":"https:\/\/flow2grow.ch\/index.php?rest_route=\/wp\/v2\/pages"}],"about":[{"href":"https:\/\/flow2grow.ch\/index.php?rest_route=\/wp\/v2\/types\/page"}],"author":[{"embeddable":true,"href":"https:\/\/flow2grow.ch\/index.php?rest_route=\/wp\/v2\/users\/1"}],"replies":[{"embeddable":true,"href":"https:\/\/flow2grow.ch\/index.php?rest_route=%2Fwp%2Fv2%2Fcomments&post=2135"}],"version-history":[{"count":10,"href":"https:\/\/flow2grow.ch\/index.php?rest_route=\/wp\/v2\/pages\/2135\/revisions"}],"predecessor-version":[{"id":2198,"href":"https:\/\/flow2grow.ch\/index.php?rest_route=\/wp\/v2\/pages\/2135\/revisions\/2198"}],"wp:attachment":[{"href":"https:\/\/flow2grow.ch\/index.php?rest_route=%2Fwp%2Fv2%2Fmedia&parent=2135"}],"curies":[{"name":"wp","href":"https:\/\/api.w.org\/{rel}","templated":true}]}}